2117 composite?
True
Is 35179743793 prime?
False
Is 68619308053 a prime number?
True
Is 290697031 composite?
True
Is 479636398 prime?
False
Is 5540407435 a prime number?
False
Is 14209236419 a prime number?
False
Is 2793629693 prime?
True
Is 44615947511 a composite number?
False
Is 24153251 a composite number?
True
Is 20485356131 a prime number?
True
Is 5836472263 composite?
False
Is 561986251 composite?
False
Is 43477198249 a prime number?
False
Is 191018487893 a composite number?
True
Is 484935007 a composite number?
False
Is 449764811 a composite number?
True
Is 53196563803 a prime number?
False
Is 83301494491 prime?
False
Is 18266761 a composite number?
True
Is 14697937627 a composite number?
True
Is 207491983 composite?
False
Is 552449011 a prime number?
True
Is 304144667 a prime number?
True
Is 86153710963 composite?
True
Is 50401173293 a prime number?
True
Is 4041704939 prime?
True
Is 3455121359 prime?
True
Is 151272780181 composite?
True
Is 461785591 a composite number?
False
Is 6863769773 composite?
True
Is 11178026029 a composite number?
True
Is 122360740253 prime?
True
Is 1530875119 prime?
False
Is 14160103511 a composite number?
False
Is 20082618593 a composite number?
True
Is 12678179435 composite?
True
Is 4984963741 a prime number?
False
Is 17833912105 composite?
True
Is 9523088437 composite?
True
Is 13498350997 prime?
False
Is 1906472539 prime?
False
Is 319229837 a prime number?
False
Is 74243083 composite?
False
Is 1523355347 composite?
True
Is 591522881 a prime number?
True
Is 5282574709 a composite number?
False
Is 16485933829 prime?
True
Is 705702287 a prime number?
True
Is 240099835499 a composite number?
False
Is 10871170121 a composite number?
True
Is 1823021831 a composite number?
True
Is 1714998829 composite?
False
Is 995978587 prime?
False
Is 947832167 a composite number?
True
Is 38529978109 prime?
False
Is 49677409879 composite?
False
Is 500716597 a composite number?
True
Is 6014189011 a prime number?
True
Is 2215556867 a composite number?
True
Is 864347537 composite?
True
Is 1444474247 a composite number?
False
Is 4002245033 a composite number?
True
Is 26137577483 composite?
False
Is 17849127013 a composite number?
True
Is 15546405037 a composite number?
True
Is 303721619 composite?
False
Is 13735525691 a composite number?
True
Is 12027011459 prime?
True
Is 935104111 a composite number?
True
Is 29176675397 a prime number?
False
Is 895725979 composite?
False
Is 107783100277 a composite number?
False
Is 1114553309 a prime number?
True
Is 998183939 prime?
True
Is 9371023183 composite?
False
Is 1001483099 composite?
False
Is 4327465273 a prime number?
True
Is 2028273361 a composite number?
False
Is 2992790149 a prime number?
False
Is 2220456787 composite?
False
Is 7039161641 a composite number?
False
Is 21714866879 composite?
True
Is 213937183 composite?
True
Is 3736080347 a composite number?
False
Is 1420526203 a prime number?
False
Is 4465956997 composite?
True
Is 933472283 prime?
True
Is 62223098557 a prime number?
True
Is 46954981 a composite number?
False
Is 1394772607 a prime number?
True
Is 3832352983 a composite number?
False
Is 365311327 a prime number?
False
Is 19484771321 a prime number?
False
Is 1688723383 a prime number?
False
Is 20102822807 prime?
True
Is 840617131 a composite number?
True
Is 8408778557 a composite number?
False
Is 1066674647 prime?
False
Is 119755906943 prime?
True
Is 28689177779 composite?
False
Is 4830551923 prime?
True
Is 2655033281 composite?
False
Is 1615070161 prime?
False
Is 77119414549 a prime number?
False
Is 6422531431 a prime number?
False
Is 3263302183 a prime number?
True
Is 1508548969 a prime number?
False
Is 274438458443 a prime number?
True
Is 166693583417 prime?
True
Is 333094514 a composite number?
True
Is 302820097 a prime number?
False
Is 9310982767 a composite number?
False
Is 3104825921 composite?
False
Is 2160327307 prime?
False
Is 7818459559 a prime number?
True
Is 8081650477 prime?
True
Is 103455218129 a composite number?
True
Is 20448909749 a prime number?
True
Is 11014619401 prime?
False
Is 8397001549 composite?
False
Is 12738487031 composite?
False
Is 137599141 a prime number?
True
Is 23314946407 prime?
True
Is 44558053 prime?
False
Is 12812250749 prime?
True
Is 84628924277 a composite number?
False
Is 4983183559 composite?
False
Is 4867368641 composite?
False
Is 1391469239 prime?
True
Is 137277398941 a composite number?
True
Is 5602975487 composite?
False
Is 5009710291 a composite number?
False
Is 7562290837 prime?
True
Is 75130067917 a composite number?
True
Is 1733558263 a composite number?
False
Is 6123561337 composite?
False
Is 364250603 a prime number?
True
Is 2547242743 a prime number?
True
Is 26638926394 a composite number?
True
Is 1558776389 a prime number?
True
Is 2631030037 composite?
True
Is 11687239961 composite?
True
Is 200570983 composite?
True
Is 2973476921 composite?
True
Is 23267161 composite?
False
Is 40076087781 composite?
True
Is 39257925107 composite?
True
Is 78116720987 a prime number?
False
Is 21683482543 composite?
False
Is 41340812033 a composite number?
False
Is 2513117813 a prime number?
True
Is 1077263137 composite?
False
Is 1201933699 a composite number?
False
Is 2440960981 a composite number?
False
Is 27945426643 a prime number?
True
Is 7866497855 a composite number?
True
Is 39167221 a composite number?
True
Is 4585365067 composite?
False
Is 63540776537 prime?
False
Is 102985092451 a composite number?
False
Is 1795756933 prime?
False
Is 944987683 a prime number?
False
Is 36655555477 a prime number?
False
Is 11490175919 prime?
False
Is 4304775049 a prime number?
False
Is 2281821001 composite?
True
Is 46674018119 a prime number?
False
Is 6219168143 a composite number?
True
Is 694335407 a composite number?
False
Is 51839143645 prime?
False
Is 6684125407 a composite number?
True
Is 1576371593 prime?
True
Is 429730627 a composite number?
False
Is 1569593027 prime?
True
Is 109985789 composite?
False
Is 26237149009 composite?
False
Is 22927127649 composite?
True
Is 36137131747 composite?
False
Is 765671237 composite?
False
Is 451589531 a prime number?
True
Is 420208219 a composite number?
True
Is 9428851 composite?
False
Is 20552576953 a prime number?
True
Is 63051206243 a prime number?
True
Is 2146708601 prime?
False
Is 1058010853 prime?
True
Is 14245610669 prime?
True
Is 7818802949 a composite number?
False
Is 156372602431 composite?
True
Is 271553354507 a prime number?
True
Is 23992673577 prime?
False
Is 1362988457 a composite number?
False
Is 12001565362 a composite number?
True
Is 1663807 a prime number?
False
Is 527150941 a prime number?
False
Is 805445867 prime?
True
Is 561939571 a composite number?
True
Is 54437473733 a composite number?
True
Is 3408367613 a prime number?
False
Is 23075203819 composite?
False
Is 9447089755 a prime number?
False
Is 122407873 a prime number?
False
Is 167120495 composite?
True
Is 22465127441 a prime number?
False
Is 2409716653 a prime number?
True
Is 3214317221 composite?
True
Is 12715710859 a prime number?
True
Is 6060740941 composite?
True
Is 551092877 composite?
False
Is 351092239 a prime number?
True
Is 9959443649 a prime number?
True
Is 58643680787 prime?
True
Is 27633680419 prime?
True
Is 1289879117 a prime number?
False
Is 98421227 a composite number?
False
Is 59996860333 composite?
True
Is 814654069 prime?
True
Is 1126201913 composite?
True
Is 7046524943 prime?
True
Is 8091029879 composite?
False
Is 249902532287 prime?
True
Is 93761958619 composite?
True
Is 1438741789 composite?
True
Is 77250889 prime?
True
Is 411310027 composite?
False
Is 27469115651 a composite number?
True
Is 901701217 prime?
True
Is 2687481247 a composite number?
True
Is 84907684049 a composite number?
False
Is 207885091 a prime number?
False
Is 14043052277 composite?
True
Is 1654481111 composite?
True
Is 12728826857 composite?
True
Is 77788427 prime?
True
Is 2209760813 a prime number?
False
Is 3194462729 prime?
True
Is 12992887573 composite?
True
Is 42314471 a prime number?
True
Is 22582833277 composite?
True
Is 109720042977 composite?
True
Is 6357203297 a prime number?
True
Is 24150195913 composite?
False
Is 756124877 prime?
True
Is 1416593647 prime?
False
Is 396092101 a prime number?
True
Is 99580173569 prime?
Tru